{"id":71,"date":"2020-10-15T15:55:28","date_gmt":"2020-10-15T13:55:28","guid":{"rendered":"http:\/\/twobooks.de\/?page_id=71"},"modified":"2020-10-15T15:55:28","modified_gmt":"2020-10-15T13:55:28","slug":"manuskripte","status":"publish","type":"page","link":"https:\/\/twobooks.de\/?page_id=71","title":{"rendered":"Manuskripte"},"content":{"rendered":"<p>[et_pb_section fb_built=&#8220;1&#8243; _builder_version=&#8220;4.6.5&#8243; _module_preset=&#8220;default&#8220;][et_pb_row _builder_version=&#8220;4.6.5&#8243; _module_preset=&#8220;default&#8220;][et_pb_column _builder_version=&#8220;4.6.5&#8243; _module_preset=&#8220;default&#8220; type=&#8220;4_4&#8243;][et_pb_text _builder_version=&#8220;4.6.5&#8243; _module_preset=&#8220;default&#8220; hover_enabled=&#8220;0&#8243; sticky_enabled=&#8220;0&#8243;]<\/p>\n<h3>Manuskripte<\/h3>\n<p>Wir freuen uns \u00fcber eingesandte Manuskripte, m\u00fcssen aber darauf aufmerksam machen, dass diese nicht zur\u00fcckgeschickt werden k\u00f6nnen. Der Verlag \u00fcbernimmt keine Haftung f\u00fcr eingesandtes Material. Die Bearbeitung von unaufgefordert eingesandten Manuskripten nimmt erfahrungsgem\u00e4\u00df sehr viel mehr Zeit in Anspruch, als die Bearbeitung angeforderter Texte\u2026 weswegen wir darum bitten, von telefonischer Nachfrage, was denn nun sei mit dem Manuskript, abzusehen. Wir bem\u00fchen uns, zu allen Einsendungen schriftlich Stellung zu nehmen.<\/p>\n<p>[\/et_pb_text][\/et_pb_column][\/et_pb_row][\/et_pb_section]<\/p>\n","protected":false},"excerpt":{"rendered":"<p>[et_pb_section fb_built=&#8220;1&#8243; _builder_version=&#8220;4.6.5&#8243; _module_preset=&#8220;default&#8220;][et_pb_row _builder_version=&#8220;4.6.5&#8243; _module_preset=&#8220;default&#8220;][et_pb_column _builder_version=&#8220;4.6.5&#8243; _module_preset=&#8220;default&#8220; type=&#8220;4_4&#8243;][et_pb_text _builder_version=&#8220;4.6.5&#8243; _module_preset=&#8220;default&#8220; hover_enabled=&#8220;0&#8243; sticky_enabled=&#8220;0&#8243;] Manuskripte Wir freuen uns \u00fcber eingesandte Manuskripte, m\u00fcssen aber darauf aufmerksam machen, dass diese nicht zur\u00fcckgeschickt werden k\u00f6nnen. Der Verlag \u00fcbernimmt keine Haftung f\u00fcr eingesandtes Material. Die Bearbeitung von unaufgefordert eingesandten Manuskripten nimmt erfahrungsgem\u00e4\u00df sehr viel mehr Zeit in Anspruch, als die [&hellip;]<\/p>\n","protected":false},"author":1,"featured_media":0,"parent":0,"menu_order":0,"comment_status":"closed","ping_status":"closed","template":"","meta":{"_et_pb_use_builder":"on","_et_pb_old_content":"","_et_gb_content_width":""},"_links":{"self":[{"href":"https:\/\/twobooks.de\/index.php?rest_route=\/wp\/v2\/pages\/71"}],"collection":[{"href":"https:\/\/twobooks.de\/index.php?rest_route=\/wp\/v2\/pages"}],"about":[{"href":"https:\/\/twobooks.de\/index.php?rest_route=\/wp\/v2\/types\/page"}],"author":[{"embeddable":true,"href":"https:\/\/twobooks.de\/index.php?rest_route=\/wp\/v2\/users\/1"}],"replies":[{"embeddable":true,"href":"https:\/\/twobooks.de\/index.php?rest_route=%2Fwp%2Fv2%2Fcomments&post=71"}],"version-history":[{"count":2,"href":"https:\/\/twobooks.de\/index.php?rest_route=\/wp\/v2\/pages\/71\/revisions"}],"predecessor-version":[{"id":73,"href":"https:\/\/twobooks.de\/index.php?rest_route=\/wp\/v2\/pages\/71\/revisions\/73"}],"wp:attachment":[{"href":"https:\/\/twobooks.de\/index.php?rest_route=%2Fwp%2Fv2%2Fmedia&parent=71"}],"curies":[{"name":"wp","href":"https:\/\/api.w.org\/{rel}","templated":true}]}}